{"id":95,"date":"2019-09-08T17:50:16","date_gmt":"2019-09-08T20:50:16","guid":{"rendered":"http:\/\/191.252.143.229\/~sindspemmacom\/?page_id=95"},"modified":"2019-09-14T11:09:21","modified_gmt":"2019-09-14T14:09:21","slug":"contato","status":"publish","type":"page","link":"https:\/\/sinppem-ma.com.br\/?page_id=95","title":{"rendered":"Contato"},"content":{"rendered":"<div id=\"td_uid_1_69df1a10b321f\" class=\"tdc-row\"><div class=\"vc_row td_uid_1_69df1a10b3228_rand  wpb_row td-pb-row\" >\n<style scoped>\n\n\/* custom css *\/\n.td_uid_1_69df1a10b3228_rand {\n                    min-height: 0;\n                }\n<\/style><div class=\"vc_column td_uid_2_69df1a10b37a9_rand  wpb_column vc_column_container tdc-column td-pb-span8\">\n<style scoped>\n\n\/* custom css *\/\n.td_uid_2_69df1a10b37a9_rand {\n                    vertical-align: baseline;\n                }\n<\/style><div class=\"wpb_wrapper\"><div class=\"vc_row_inner td_uid_3_69df1a10b3896_rand  vc_row vc_inner wpb_row td-pb-row\" >\n<style scoped>\n\n\/* custom css *\/\n.td_uid_3_69df1a10b3896_rand {\n                    position: relative !important;\n                    top: 0;\n                    transform: none;\n                    -webkit-transform: none;\n                }\n<\/style><div class=\"vc_column_inner td_uid_4_69df1a10b39b2_rand  wpb_column vc_column_container tdc-inner-column td-pb-span12\">\n<style scoped>\n\n\/* custom css *\/\n.td_uid_4_69df1a10b39b2_rand {\n                    vertical-align: baseline;\n                }\n<\/style><div class=\"vc_column-inner\"><div class=\"wpb_wrapper\"><div class=\"td_block_wrap td_block_text_with_title td_uid_5_69df1a10b3dd6_rand tagdiv-type td-pb-border-top td_block_template_1\"  data-td-block-uid=\"td_uid_5_69df1a10b3dd6\" ><div class=\"td-block-title-wrap\"><h4 class=\"block-title td-block-title\"><span class=\"td-pulldown-size\">Contato<\/span><\/h4><\/div><div class=\"td_mod_wrap td-fix-inde\"><p><strong>Sindspem-MA<\/strong><br \/>\nEndere\u00e7o: Rua da Primavera, 72 (Ponto de Refer\u00eancia Pousada Santa Maria) | Monte Castelo, S\u00e3o Lu\u00eds-MA.<\/p>\n<p>(98) 3232-1371<br \/>\n(98) 98192-3232<\/p>\n<p>Email: <strong>sindicatosindspem@gmail.com<\/strong><\/p>\n<\/div><\/div><\/div><\/div><\/div><\/div>[vc_gmaps link=&#8221;#E-8_JTNDaWZyYW1lJTIwc3JjJTNEJTIyaHR0cHMlM0ElMkYlMkZ3d3cuZ29vZ2xlLmNvbSUyRm1hcHMlMkZlbWJlZCUzRnBiJTNEJTIxMW0xOCUyMTFtMTIlMjExbTMlMjExZDM5ODUuOTEwNzU3MDkyMjQxNSUyMTJkLTQ0LjI3ODQ1OTY4NTg5MTkyJTIxM2QtMi41MzYwMDE2Mzg5Nzk3NDIlMjEybTMlMjExZjAlMjEyZjAlMjEzZjAlMjEzbTIlMjExaTEwMjQlMjEyaTc2OCUyMTRmMTMuMSUyMTNtMyUyMTFtMiUyMTFzMHg3ZjY4ZTRkNWY0ZjU4OTElMjUzQTB4NDUwMGM4YTJiZTY1NGY3NCUyMTJzU2luZHNwZW0lMjE1ZTAlMjEzbTIlMjExc3B0LUJSJTIxMnN1cyUyMTR2MTU2ODI5NzU5NDY5NSUyMTVtMiUyMTFzcHQtQlIlMjEyc3VzJTIyJTIwd2lkdGglM0QlMjI2MDAlMjIlMjBoZWlnaHQlM0QlMjIzNTAlMjIlMjBmcmFtZWJvcmRlciUzRCUyMjAlMjIlMjBzdHlsZSUzRCUyMmJvcmRlciUzQTAlM0IlMjIlMjBhbGxvd2Z1bGxzY3JlZW4lM0QlMjIlMjIlM0UlM0MlMkZpZnJhbWUlM0U=&#8221; title=&#8221;Nossa Localiza\u00e7\u00e3o&#8221;]<\/div><\/div><div class=\"vc_column td_uid_6_69df1a10b4d72_rand  wpb_column vc_column_container tdc-column td-pb-span4\">\n<style scoped>\n\n\/* custom css *\/\n.td_uid_6_69df1a10b4d72_rand {\n                    vertical-align: baseline;\n                }\n<\/style><div class=\"wpb_wrapper\"><div class=\"td_block_wrap td_block_2 td_uid_7_69df1a10b50d0_rand td_with_ajax_pagination td-pb-border-top td_block_template_1 tdc-no-posts td-column-1 td_block_padding\"  data-td-block-uid=\"td_uid_7_69df1a10b50d0\" ><script>var block_td_uid_7_69df1a10b50d0 = new tdBlock();\nblock_td_uid_7_69df1a10b50d0.id = \"td_uid_7_69df1a10b50d0\";\nblock_td_uid_7_69df1a10b50d0.atts = '{\"custom_title\":\"Artigos Recentes\",\"sort\":\"random_7_day\",\"limit\":\"6\",\"ajax_pagination\":\"next_prev\",\"separator\":\"\",\"custom_url\":\"\",\"block_template_id\":\"\",\"m2_tl\":\"\",\"m2_el\":\"\",\"m6_tl\":\"\",\"post_ids\":\"\",\"category_id\":\"\",\"category_ids\":\"\",\"tag_slug\":\"\",\"autors_id\":\"\",\"installed_post_types\":\"\",\"offset\":\"\",\"show_modified_date\":\"\",\"el_class\":\"\",\"td_ajax_filter_type\":\"\",\"td_ajax_filter_ids\":\"\",\"td_filter_default_txt\":\"All\",\"td_ajax_preloading\":\"\",\"f_header_font_header\":\"\",\"f_header_font_title\":\"Block header\",\"f_header_font_settings\":\"\",\"f_header_font_family\":\"\",\"f_header_font_size\":\"\",\"f_header_font_line_height\":\"\",\"f_header_font_style\":\"\",\"f_header_font_weight\":\"\",\"f_header_font_transform\":\"\",\"f_header_font_spacing\":\"\",\"f_header_\":\"\",\"f_ajax_font_title\":\"Ajax categories\",\"f_ajax_font_settings\":\"\",\"f_ajax_font_family\":\"\",\"f_ajax_font_size\":\"\",\"f_ajax_font_line_height\":\"\",\"f_ajax_font_style\":\"\",\"f_ajax_font_weight\":\"\",\"f_ajax_font_transform\":\"\",\"f_ajax_font_spacing\":\"\",\"f_ajax_\":\"\",\"f_more_font_title\":\"Load more button\",\"f_more_font_settings\":\"\",\"f_more_font_family\":\"\",\"f_more_font_size\":\"\",\"f_more_font_line_height\":\"\",\"f_more_font_style\":\"\",\"f_more_font_weight\":\"\",\"f_more_font_transform\":\"\",\"f_more_font_spacing\":\"\",\"f_more_\":\"\",\"m2f_title_font_header\":\"\",\"m2f_title_font_title\":\"Article title\",\"m2f_title_font_settings\":\"\",\"m2f_title_font_family\":\"\",\"m2f_title_font_size\":\"\",\"m2f_title_font_line_height\":\"\",\"m2f_title_font_style\":\"\",\"m2f_title_font_weight\":\"\",\"m2f_title_font_transform\":\"\",\"m2f_title_font_spacing\":\"\",\"m2f_title_\":\"\",\"m2f_cat_font_title\":\"Article category tag\",\"m2f_cat_font_settings\":\"\",\"m2f_cat_font_family\":\"\",\"m2f_cat_font_size\":\"\",\"m2f_cat_font_line_height\":\"\",\"m2f_cat_font_style\":\"\",\"m2f_cat_font_weight\":\"\",\"m2f_cat_font_transform\":\"\",\"m2f_cat_font_spacing\":\"\",\"m2f_cat_\":\"\",\"m2f_meta_font_title\":\"Article meta info\",\"m2f_meta_font_settings\":\"\",\"m2f_meta_font_family\":\"\",\"m2f_meta_font_size\":\"\",\"m2f_meta_font_line_height\":\"\",\"m2f_meta_font_style\":\"\",\"m2f_meta_font_weight\":\"\",\"m2f_meta_font_transform\":\"\",\"m2f_meta_font_spacing\":\"\",\"m2f_meta_\":\"\",\"m2f_ex_font_title\":\"Article excerpt\",\"m2f_ex_font_settings\":\"\",\"m2f_ex_font_family\":\"\",\"m2f_ex_font_size\":\"\",\"m2f_ex_font_line_height\":\"\",\"m2f_ex_font_style\":\"\",\"m2f_ex_font_weight\":\"\",\"m2f_ex_font_transform\":\"\",\"m2f_ex_font_spacing\":\"\",\"m2f_ex_\":\"\",\"m6f_title_font_header\":\"\",\"m6f_title_font_title\":\"Article title\",\"m6f_title_font_settings\":\"\",\"m6f_title_font_family\":\"\",\"m6f_title_font_size\":\"\",\"m6f_title_font_line_height\":\"\",\"m6f_title_font_style\":\"\",\"m6f_title_font_weight\":\"\",\"m6f_title_font_transform\":\"\",\"m6f_title_font_spacing\":\"\",\"m6f_title_\":\"\",\"m6f_cat_font_title\":\"Article category tag\",\"m6f_cat_font_settings\":\"\",\"m6f_cat_font_family\":\"\",\"m6f_cat_font_size\":\"\",\"m6f_cat_font_line_height\":\"\",\"m6f_cat_font_style\":\"\",\"m6f_cat_font_weight\":\"\",\"m6f_cat_font_transform\":\"\",\"m6f_cat_font_spacing\":\"\",\"m6f_cat_\":\"\",\"m6f_meta_font_title\":\"Article meta info\",\"m6f_meta_font_settings\":\"\",\"m6f_meta_font_family\":\"\",\"m6f_meta_font_size\":\"\",\"m6f_meta_font_line_height\":\"\",\"m6f_meta_font_style\":\"\",\"m6f_meta_font_weight\":\"\",\"m6f_meta_font_transform\":\"\",\"m6f_meta_font_spacing\":\"\",\"m6f_meta_\":\"\",\"ajax_pagination_infinite_stop\":\"\",\"css\":\"\",\"tdc_css\":\"\",\"td_column_number\":1,\"header_color\":\"\",\"color_preset\":\"\",\"border_top\":\"\",\"class\":\"td_uid_7_69df1a10b50d0_rand\",\"tdc_css_class\":\"td_uid_7_69df1a10b50d0_rand\",\"tdc_css_class_style\":\"td_uid_7_69df1a10b50d0_rand_style\"}';\nblock_td_uid_7_69df1a10b50d0.td_column_number = \"1\";\nblock_td_uid_7_69df1a10b50d0.block_type = \"td_block_2\";\nblock_td_uid_7_69df1a10b50d0.post_count = \"0\";\nblock_td_uid_7_69df1a10b50d0.found_posts = \"0\";\nblock_td_uid_7_69df1a10b50d0.header_color = \"\";\nblock_td_uid_7_69df1a10b50d0.ajax_pagination_infinite_stop = \"\";\nblock_td_uid_7_69df1a10b50d0.max_num_pages = \"0\";\ntdBlocksArray.push(block_td_uid_7_69df1a10b50d0);\n<\/script><div class=\"td-block-title-wrap\"><h4 class=\"block-title td-block-title\"><span class=\"td-pulldown-size\">Artigos Recentes<\/span><\/h4><\/div><div id=td_uid_7_69df1a10b50d0 class=\"td_block_inner\"><\/div><div class=\"td-next-prev-wrap\"><a href=\"#\" class=\"td-ajax-prev-page ajax-page-disabled\" id=\"prev-page-td_uid_7_69df1a10b50d0\" data-td_block_id=\"td_uid_7_69df1a10b50d0\"><i class=\"td-icon-font td-icon-menu-left\"><\/i><\/a><a href=\"#\"  class=\"td-ajax-next-page ajax-page-disabled\" id=\"next-page-td_uid_7_69df1a10b50d0\" data-td_block_id=\"td_uid_7_69df1a10b50d0\"><i class=\"td-icon-font td-icon-menu-right\"><\/i><\/a><\/div><\/div> <!-- .\/block --><\/div><\/div><\/div><\/div>","protected":false},"excerpt":{"rendered":"ContatoSindspem-MA Endere\u00e7o: Rua da Primavera, 72 (Ponto de Refer\u00eancia Pousada Santa Maria) | Monte Castelo, S\u00e3o Lu\u00eds-MA. (98) 3232-1371 (98) 98192-3232 Email: sindicatosindspem@gmail.com [vc_gmaps link=\"#E-8_JTNDaWZyYW1lJTIwc3JjJTNEJTIyaHR0cHMlM0ElMkYlMkZ3d3cuZ29vZ2xlLmNvbSUyRm1hcHMlMkZlbWJlZCUzRnBiJTNEJTIxMW0xOCUyMTFtMTIlMjExbTMlMjExZDM5ODUuOTEwNzU3MDkyMjQxNSUyMTJkLTQ0LjI3ODQ1OTY4NTg5MTkyJTIxM2QtMi41MzYwMDE2Mzg5Nzk3NDIlMjEybTMlMjExZjAlMjEyZjAlMjEzZjAlMjEzbTIlMjExaTEwMjQlMjEyaTc2OCUyMTRmMTMuMSUyMTNtMyUyMTFtMiUyMTFzMHg3ZjY4ZTRkNWY0ZjU4OTElMjUzQTB4NDUwMGM4YTJiZTY1NGY3NCUyMTJzU2luZHNwZW0lMjE1ZTAlMjEzbTIlMjExc3B0LUJSJTIxMnN1cyUyMTR2MTU2ODI5NzU5NDY5NSUyMTVtMiUyMTFzcHQtQlIlMjEyc3VzJTIyJTIwd2lkdGglM0QlMjI2MDAlMjIlMjBoZWlnaHQlM0QlMjIzNTAlMjIlMjBmcmFtZWJvcmRlciUzRCUyMjAlMjIlMjBzdHlsZSUzRCUyMmJvcmRlciUzQTAlM0IlMjIlMjBhbGxvd2Z1bGxzY3JlZW4lM0QlMjIlMjIlM0UlM0MlMkZpZnJhbWUlM0U=\" title=\"Nossa Localiza\u00e7\u00e3o\"] Artigos Recentes","protected":false},"author":3,"featured_media":0,"parent":0,"menu_order":0,"comment_status":"closed","ping_status":"closed","template":"","meta":{"footnotes":""},"class_list":["post-95","page","type-page","status-publish"],"_links":{"self":[{"href":"https:\/\/sinppem-ma.com.br\/index.php?rest_route=\/wp\/v2\/pages\/95","targetHints":{"allow":["GET"]}}],"collection":[{"href":"https:\/\/sinppem-ma.com.br\/index.php?rest_route=\/wp\/v2\/pages"}],"about":[{"href":"https:\/\/sinppem-ma.com.br\/index.php?rest_route=\/wp\/v2\/types\/page"}],"author":[{"embeddable":true,"href":"https:\/\/sinppem-ma.com.br\/index.php?rest_route=\/wp\/v2\/users\/3"}],"replies":[{"embeddable":true,"href":"https:\/\/sinppem-ma.com.br\/index.php?rest_route=%2Fwp%2Fv2%2Fcomments&post=95"}],"version-history":[{"count":21,"href":"https:\/\/sinppem-ma.com.br\/index.php?rest_route=\/wp\/v2\/pages\/95\/revisions"}],"predecessor-version":[{"id":222,"href":"https:\/\/sinppem-ma.com.br\/index.php?rest_route=\/wp\/v2\/pages\/95\/revisions\/222"}],"wp:attachment":[{"href":"https:\/\/sinppem-ma.com.br\/index.php?rest_route=%2Fwp%2Fv2%2Fmedia&parent=95"}],"curies":[{"name":"wp","href":"https:\/\/api.w.org\/{rel}","templated":true}]}}